{"id":2,"date":"2016-05-10T03:48:21","date_gmt":"2016-05-10T03:48:21","guid":{"rendered":"http:\/\/maucksch.de\/?page_id=2"},"modified":"2025-08-10T09:27:33","modified_gmt":"2025-08-10T09:27:33","slug":"sample-page","status":"publish","type":"page","link":"https:\/\/maucksch.de\/","title":{"rendered":"Willkommen"},"content":{"rendered":"<p>[vc_row][vc_column width=&#8220;1\/2&#8243;][vc_row_inner][vc_column_inner][vc_empty_space height=&#8220;50px&#8220;][\/vc_column_inner][\/vc_row_inner][vc_separator][vc_column_text]<\/p>\n<div class=\"entry-content\">\n<p>Wolfgang &amp; Ingeborg Maucksch<br \/>\nFritz-Baumg\u00e4rtner-Str. 6<br \/>\n91567 Herrieden<\/p>\n<p>Tel.: 09825-5352<\/p>\n<p>E-Mail: wolfgang(at)maucksch.de<\/p>\n<\/div>\n<p>[\/vc_column_text][vc_separator][\/vc_column][vc_column width=&#8220;1\/2&#8243;][vc_single_image image=&#8220;53&#8243; img_size=&#8220;large&#8220; onclick=&#8220;link_image&#8220; css=&#8220;.vc_custom_1518169588679{background-position: center !important;background-repeat: no-repeat !important;background-size: contain !important;}&#8220;][\/vc_column][\/vc_row][vc_row][vc_column][vc_column_text]<\/p>\n<p style=\"text-align: center;\"><a href=\"http:\/\/maucksch.de\/wp-content\/uploads\/2018\/02\/VeroeffentlichungslisteWolfgangMaucksch1998.pdf\" target=\"_blank\" rel=\"noopener\">Ver\u00f6ffentlichungen 1987-1998<\/a><a href=\"http:\/\/maucksch.de\/wp-content\/uploads\/2018\/02\/VeroeffentlichungslisteWolfgangMaucksch1998.pdf\"><br \/>\n<\/a><\/p>\n<p style=\"text-align: center;\"><a href=\"http:\/\/maucksch.de\/wp-content\/uploads\/2018\/02\/Aufsatz-1987.pdf\" target=\"_blank\" rel=\"noopener\">Aufsatz 1987 \u00fcber die Zusammenarbeit von Flurbereinigung und Naturschutz<\/a><\/p>\n<p style=\"text-align: center;\"><a href=\"http:\/\/maucksch.de\/wp-content\/uploads\/2018\/02\/AufsatzWolfgangMaucksch1997.pdf\" target=\"_blank\" rel=\"noopener\">Aufsatz 1997 \u00fcber die Verbesserung der s\u00e4chsischen Flurbereinigungsarbeit<\/a><\/p>\n<p style=\"text-align: center;\"><a href=\"http:\/\/maucksch.de\/wp-content\/uploads\/2018\/02\/Aufsatz-2008.pdf\" target=\"_blank\" rel=\"noopener\">Aufsatz 2008 \u00fcber die Halbteilung in Verfahren nach dem 8. Abschnitt LwAnpG<\/a><\/p>\n<p style=\"text-align: center;\"><a href=\"http:\/\/maucksch.de\/wp-content\/uploads\/2024\/04\/ThemendieHerriedenbetreffen2024.pdf\" target=\"_blank\" rel=\"noopener\">Aufsatz 2023: In und um Herrieden: Einige kommunalpolitische und \u00e4hnliche Themen seit 2010<\/a><\/p>\n<p style=\"text-align: center;\"><a href=\"http:\/\/maucksch.de\/wp-content\/uploads\/2025\/08\/WeichenstellungenBerufslebenWolfgangMaucksch-2025.pdf\">Aufsatz 2025: Einzelne Weichenstellungen in meinem Berufsleben (Wolfgang Maucksch)<\/a><\/p>\n<p>[\/vc_column_text][\/vc_column][\/vc_row]<\/p>\n","protected":false},"excerpt":{"rendered":"<p>[vc_row][vc_column width=&#8220;1\/2&#8243;][vc_row_inner][vc_column_inner][vc_empty_space height=&#8220;50px&#8220;][\/vc_column_inner][\/vc_row_inner][vc_separator][vc_column_text] Wolfgang &amp; Ingeborg Maucksch Fritz-Baumg\u00e4rtner-Str. 6 91567 Herrieden Tel.: 09825-5352 E-Mail: wolfgang(at)maucksch.de [\/vc_column_text][vc_separator][\/vc_column][vc_column width=&#8220;1\/2&#8243;][vc_single_image image=&#8220;53&#8243; img_size=&#8220;large&#8220; onclick=&#8220;link_image&#8220; css=&#8220;.vc_custom_1518169588679{background-position: center !important;background-repeat: no-repeat !important;background-size: contain !important;}&#8220;][\/vc_column][\/vc_row][vc_row][vc_column][vc_column_text] Ver\u00f6ffentlichungen 1987-1998 Aufsatz 1987 \u00fcber die Zusammenarbeit von Flurbereinigung und Naturschutz Aufsatz 1997 \u00fcber die Verbesserung der s\u00e4chsischen Flurbereinigungsarbeit Aufsatz 2008 \u00fcber die Halbteilung in Verfahren nach dem &hellip;<\/p>\n","protected":false},"author":1,"featured_media":0,"parent":0,"menu_order":0,"comment_status":"closed","ping_status":"open","template":"page-templates\/page-no-sidebar.php","meta":{"footnotes":""},"_links":{"self":[{"href":"https:\/\/maucksch.de\/index.php?rest_route=\/wp\/v2\/pages\/2"}],"collection":[{"href":"https:\/\/maucksch.de\/index.php?rest_route=\/wp\/v2\/pages"}],"about":[{"href":"https:\/\/maucksch.de\/index.php?rest_route=\/wp\/v2\/types\/page"}],"author":[{"embeddable":true,"href":"https:\/\/maucksch.de\/index.php?rest_route=\/wp\/v2\/users\/1"}],"replies":[{"embeddable":true,"href":"https:\/\/maucksch.de\/index.php?rest_route=%2Fwp%2Fv2%2Fcomments&post=2"}],"version-history":[{"count":32,"href":"https:\/\/maucksch.de\/index.php?rest_route=\/wp\/v2\/pages\/2\/revisions"}],"predecessor-version":[{"id":102,"href":"https:\/\/maucksch.de\/index.php?rest_route=\/wp\/v2\/pages\/2\/revisions\/102"}],"wp:attachment":[{"href":"https:\/\/maucksch.de\/index.php?rest_route=%2Fwp%2Fv2%2Fmedia&parent=2"}],"curies":[{"name":"wp","href":"https:\/\/api.w.org\/{rel}","templated":true}]}}